{"id":341,"date":"2025-08-15T18:40:00","date_gmt":"2025-08-15T16:40:00","guid":{"rendered":"https:\/\/arspa.com.co\/?post_type=product&#038;p=341"},"modified":"2026-03-17T08:26:31","modified_gmt":"2026-03-17T13:26:31","slug":"dia-spa","status":"publish","type":"product","link":"https:\/\/www.arspa.com.co\/en\/product\/dia-spa\/","title":{"rendered":"Spa Day"},"content":{"rendered":"<div class=\"ewa-rteLine\">\n<div class=\"ewa-rteLine\">\n<div class=\"ewa-rteLine\">\n<div class=\"ewa-rteLine\">\n<div class=\"ewa-rteLine\">\n<div class=\"ewa-rteLine\">\n<div class=\"ewa-rteLine\">\n<div class=\"ewa-rteLine\">\n<p><strong>Includes:<\/strong><\/p>\n<\/div>\n<div class=\"ewa-rteLine\">Hydrotherapy circuit<\/div>\n<div class=\"ewa-rteLine\">Masaje relajante (vela o piedra Sabai)<\/div>\n<div class=\"ewa-rteLine\">Facial Lifting con principios activos de algas<\/div>\n<div class=\"ewa-rteLine\">Men\u00fa ligero( s\u00e1ndwich, wrap o buda woul) acompa\u00f1ado de jugo y postre<\/div>\n<\/div>\n<\/div>\n<\/div>\n<\/div>\n<\/div>\n<\/div>\n<\/div>","protected":false},"excerpt":{"rendered":"<div class=\"ewa-rteLine\">\n<div class=\"ewa-rteLine\">\n<div class=\"ewa-rteLine\">\n<div class=\"ewa-rteLine\">\n<div class=\"ewa-rteLine\">\n<div class=\"ewa-rteLine\">\n<div class=\"ewa-rteLine\">\n<div class=\"ewa-rteLine\">Nuestra experiencia m\u00e1s completa para disfrutar de una jornada dedicada a tu cuerpo, tu mente y tu equilibrio.<\/div>\n<\/div>\n<\/div>\n<\/div>\n<p><strong>Total Duration:<\/strong> 290 + tiempo de restaurante<\/p>\n<\/div>\n<\/div>\n<\/div>\n<\/div>","protected":false},"featured_media":354,"comment_status":"open","ping_status":"closed","template":"","meta":{"_et_pb_use_builder":"","_et_pb_old_content":"","_et_gb_content_width":"","_joinchat":[]},"product_brand":[],"product_cat":[25,27,29,23,22,32,26],"product_tag":[],"class_list":{"0":"post-341","1":"product","2":"type-product","3":"status-publish","4":"has-post-thumbnail","6":"product_cat-celebraciones","7":"product_cat-circuito-hidrico","8":"product_cat-comida","9":"product_cat-corporal","10":"product_cat-facial","11":"product_cat-paquetes","12":"product_cat-planes","14":"first","15":"instock","16":"taxable","17":"shipping-taxable","18":"purchasable","19":"product-type-simple"},"jetpack_sharing_enabled":true,"_links":{"self":[{"href":"https:\/\/www.arspa.com.co\/en\/wp-json\/wp\/v2\/product\/341","targetHints":{"allow":["GET"]}}],"collection":[{"href":"https:\/\/www.arspa.com.co\/en\/wp-json\/wp\/v2\/product"}],"about":[{"href":"https:\/\/www.arspa.com.co\/en\/wp-json\/wp\/v2\/types\/product"}],"replies":[{"embeddable":true,"href":"https:\/\/www.arspa.com.co\/en\/wp-json\/wp\/v2\/comments?post=341"}],"wp:featuredmedia":[{"embeddable":true,"href":"https:\/\/www.arspa.com.co\/en\/wp-json\/wp\/v2\/media\/354"}],"wp:attachment":[{"href":"https:\/\/www.arspa.com.co\/en\/wp-json\/wp\/v2\/media?parent=341"}],"wp:term":[{"taxonomy":"product_brand","embeddable":true,"href":"https:\/\/www.arspa.com.co\/en\/wp-json\/wp\/v2\/product_brand?post=341"},{"taxonomy":"product_cat","embeddable":true,"href":"https:\/\/www.arspa.com.co\/en\/wp-json\/wp\/v2\/product_cat?post=341"},{"taxonomy":"product_tag","embeddable":true,"href":"https:\/\/www.arspa.com.co\/en\/wp-json\/wp\/v2\/product_tag?post=341"}],"curies":[{"name":"wp","href":"https:\/\/api.w.org\/{rel}","templated":true}]}}

<div class="ewa-rteLine">
<div class="ewa-rteLine">
<div class="ewa-rteLine">
<div class="ewa-rteLine">
<div class="ewa-rteLine">
<div class="ewa-rteLine">
<div class="ewa-rteLine">
<div class="ewa-rteLine">
<p><strong>Includes:</strong></p>
</div>
<div class="ewa-rteLine">Hydrotherapy circuit</div>
<div class="ewa-rteLine">Masaje relajante (vela o piedra Sabai)</div>
<div class="ewa-rteLine">Facial Lifting con principios activos de algas</div>
<div class="ewa-rteLine">Menú ligero( sándwich, wrap o buda woul) acompañado de jugo y postre</div>
</div>
</div>
</div>
</div>
</div>
</div>
</div>

<div class="ewa-rteLine">
<div class="ewa-rteLine">
<div class="ewa-rteLine">
<div class="ewa-rteLine">
<div class="ewa-rteLine">
<div class="ewa-rteLine">
<div class="ewa-rteLine">
<div class="ewa-rteLine">Nuestra experiencia más completa para disfrutar de una jornada dedicada a tu cuerpo, tu mente y tu equilibrio.</div>
</div>
</div>
</div>
<p><strong>Total Duration:</strong> 290 + tiempo de restaurante</p>
</div>
</div>
</div>
</div>
